{"id":594,"date":"2022-09-07T10:03:49","date_gmt":"2022-09-07T08:03:49","guid":{"rendered":"https:\/\/pilot.digibasics.ch\/italiano\/?page_id=594"},"modified":"2024-01-18T11:26:52","modified_gmt":"2024-01-18T10:26:52","slug":"utilizzo-e-impiego","status":"publish","type":"page","link":"https:\/\/digibasics.ch\/italiano\/utilizzo-e-impiego\/","title":{"rendered":"Utilizzo"},"content":{"rendered":"\n<div class=\"wp-block-digibasics-section dibabl-section dibabl-section--white\"><h2 class=\"dibabl-section__title\"><\/h2><div class=\"dibabl-section__content\">\n<h2 class=\"wp-block-heading\">Informazioni per gli autodidatti<\/h2>\n\n\n\n<p>L&#8217;offerta digibasics \u00e8 a vostra disposizione gratuitamente per approfondire le vostre competenze personali con i media digitali. Tutti i contenuti sono accessibili senza effettuare il login. Quando si effettua il <a rel=\"noreferrer noopener\" href=\"https:\/\/digibasics.ch\/italiano\/login\/\" data-type=\"link\" data-id=\"https:\/\/digibasics.ch\/italiano\/login\/\" target=\"_blank\">login<\/a>, vengono salvati l&#8217;avanzamento e i risultati dei test.<\/p>\n\n\n\n<p>Per saperne di pi\u00f9 sulla struttura di digibasics e sulle modalit\u00e0 di apprendimento, consultate le FAQ alla pagina &#8220;<a rel=\"noreferrer noopener\" href=\"https:\/\/digibasics.ch\/italiano\/il-progetto\/\" data-type=\"link\" data-id=\"https:\/\/digibasics.ch\/italiano\/il-progetto\/\" target=\"_blank\">About digibasics<\/a>&#8220;. Se volete darci un feedback su digibasics, utilizzate il <a href=\"https:\/\/digibasics.ch\/italiano\/contatto\/\" data-type=\"link\" data-id=\"https:\/\/digibasics.ch\/italiano\/contatto\/\" target=\"_blank\" rel=\"noreferrer noopener\">modulo di contatto<\/a> o seguite i link alla voce <em>Feedback <\/em>in fondo a questa pagina.<\/p>\n\n\n\n<h2 class=\"wp-block-heading\">Per i docenti<\/h2>\n\n\n\n<p>I docenti possono utilizzare i moduli di apprendimento come parte dei loro corsi. \u00c8 possibile progettare una serie di modalit\u00e0 di apprendimento in modalit\u00e0 <em>blended learning<\/em>. Ad esempio, gli studenti possono completare un autotest per prepararsi individualmente a un evento di presenza. I risultati vengono discussi durante la sessione in aula e successivamente approfonditi utilizzando i compiti pratici. Le risorse di apprendimento vengono utilizzate per la revisione individuale delle competenze mancanti. Per ulteriori informazioni sull&#8217;offerta, consultate le <a rel=\"noreferrer noopener\" href=\"https:\/\/digibasics.ch\/italiano\/il-progetto\/\" data-type=\"link\" data-id=\"https:\/\/digibasics.ch\/italiano\/il-progetto\/\" target=\"_blank\">Informazioni su digibasics<\/a>.<\/p>\n\n\n\n<h2 class=\"wp-block-heading\">Moduli di apprendimento in prova pubblica<\/h2>\n\n\n\n<p>Nel semestre primaverile del 2023, i moduli didattici sono stati valutati nelle alte scuole partner attraverso un uso pi\u00f9 ampio nell&#8217;insegnamento. Dal giugno 2023, digibasics \u00e8 in fase di sperimentazione pubblica. I docenti possono utilizzare i moduli didattici nei loro corsi e ottenere un feedback dai loro studenti. I docenti delle universit\u00e0 partner possono ottenere supporto dalla persona di contatto della loro universit\u00e0; vedi <a rel=\"noreferrer noopener\" href=\"https:\/\/digibasics.ch\/italiano\/impressum\/\" data-type=\"link\" data-id=\"https:\/\/digibasics.ch\/italiano\/impressum\/\" target=\"_blank\">impressum<\/a>.<\/p>\n\n\n\n<h2 class=\"wp-block-heading\">Feedback<\/h2>\n\n\n\n<p>Se volete dare un feedback sul sito web nel suo complesso e sul digibot, potete utilizzare <a href=\"https:\/\/eur02.safelinks.protection.outlook.com\/?url=https%3A%2F%2Fwww.unipark.de%2Fuc%2Fdigibasics%2FValutazione_del_sito_web_e_del_digibot_HS23%2F24%2F&amp;data=05%7C01%7Claura.vitelli%40phzh.ch%7C7a29f394d3ca49f82efd08dbc893bd38%7C7b1ce663ae894a2ab34a79142338f3f2%7C1%7C0%7C638324309809230233%7CUnknown%7CTWFpbGZsb3d8eyJWIjoiMC4wLjAwMDAiLCJQIjoiV2luMzIiLCJBTiI6Ik1haWwiLCJXVCI6Mn0%3D%7C3000%7C%7C%7C&amp;sdata=kPh5PC3HFiXPuJYhJ%2FC2tZqqkYe6Rpgy%2BhGftgVZUHo%3D&amp;reserved=0\" data-type=\"link\" data-id=\"https:\/\/eur02.safelinks.protection.outlook.com\/?url=https%3A%2F%2Fwww.unipark.de%2Fuc%2Fdigibasics%2FValutazione_del_sito_web_e_del_digibot_HS23%2F24%2F&amp;data=05%7C01%7Claura.vitelli%40phzh.ch%7C7a29f394d3ca49f82efd08dbc893bd38%7C7b1ce663ae894a2ab34a79142338f3f2%7C1%7C0%7C638324309809230233%7CUnknown%7CTWFpbGZsb3d8eyJWIjoiMC4wLjAwMDAiLCJQIjoiV2luMzIiLCJBTiI6Ik1haWwiLCJXVCI6Mn0%3D%7C3000%7C%7C%7C&amp;sdata=kPh5PC3HFiXPuJYhJ%2FC2tZqqkYe6Rpgy%2BhGftgVZUHo%3D&amp;reserved=0\" target=\"_blank\" rel=\"noreferrer noopener\">il questionario del sito web<\/a>. Per valutare un singolo modulo, potete utilizzare <a href=\"https:\/\/eur02.safelinks.protection.outlook.com\/?url=https%3A%2F%2Fwww.unipark.de%2Fuc%2Fdigibasics%2FValutazione_del_modulo_HS23%2F24%2F&amp;data=05%7C01%7Claura.vitelli%40phzh.ch%7C7a29f394d3ca49f82efd08dbc893bd38%7C7b1ce663ae894a2ab34a79142338f3f2%7C1%7C0%7C638324309809230233%7CUnknown%7CTWFpbGZsb3d8eyJWIjoiMC4wLjAwMDAiLCJQIjoiV2luMzIiLCJBTiI6Ik1haWwiLCJXVCI6Mn0%3D%7C3000%7C%7C%7C&amp;sdata=ECiCCevJh34ASIwY2OlFOk62akEYLuozrZKloLFBPnk%3D&amp;reserved=0\" data-type=\"link\" data-id=\"https:\/\/eur02.safelinks.protection.outlook.com\/?url=https%3A%2F%2Fwww.unipark.de%2Fuc%2Fdigibasics%2FValutazione_del_modulo_HS23%2F24%2F&amp;data=05%7C01%7Claura.vitelli%40phzh.ch%7C7a29f394d3ca49f82efd08dbc893bd38%7C7b1ce663ae894a2ab34a79142338f3f2%7C1%7C0%7C638324309809230233%7CUnknown%7CTWFpbGZsb3d8eyJWIjoiMC4wLjAwMDAiLCJQIjoiV2luMzIiLCJBTiI6Ik1haWwiLCJXVCI6Mn0%3D%7C3000%7C%7C%7C&amp;sdata=ECiCCevJh34ASIwY2OlFOk62akEYLuozrZKloLFBPnk%3D&amp;reserved=0\" target=\"_blank\" rel=\"noreferrer noopener\">il questionario del modulo<\/a>. Siete inoltre invitati a inviarci un feedback via e-mail all&#8217;indirizzo info@digibasics.ch.<\/p>\n\n\n\n<h2 class=\"wp-block-heading\">Ulteriore sviluppo di digibasics&nbsp;<\/h2>\n\n\n\n<p>I moduli di apprendimento verranno continuamente aggiornati e l\u2019offerta sar\u00e0 ampliata con ulteriori moduli a partire dal 2023. Saremo lieti di ricevere suggerimenti riguardo a ulteriori compiti pratici o risorse didattiche e un feedback generale (<a href=\"https:\/\/digibasics.ch\/italiano\/contatto\/\" data-type=\"URL\" data-id=\"https:\/\/digibasics.ch\/italiano\/contatto\/\" target=\"_blank\" rel=\"noreferrer noopener\">contatto<\/a>).&nbsp;<\/p>\n<\/div><\/div>\n","protected":false},"excerpt":{"rendered":"","protected":false},"author":2,"featured_media":0,"parent":0,"menu_order":0,"comment_status":"closed","ping_status":"closed","template":"","meta":{"_acf_changed":false,"editor_notices":[],"footnotes":""},"class_list":["post-594","page","type-page","status-publish","hentry"],"acf":[],"_links":{"self":[{"href":"https:\/\/digibasics.ch\/italiano\/wp-json\/wp\/v2\/pages\/594","targetHints":{"allow":["GET"]}}],"collection":[{"href":"https:\/\/digibasics.ch\/italiano\/wp-json\/wp\/v2\/pages"}],"about":[{"href":"https:\/\/digibasics.ch\/italiano\/wp-json\/wp\/v2\/types\/page"}],"author":[{"embeddable":true,"href":"https:\/\/digibasics.ch\/italiano\/wp-json\/wp\/v2\/users\/2"}],"replies":[{"embeddable":true,"href":"https:\/\/digibasics.ch\/italiano\/wp-json\/wp\/v2\/comments?post=594"}],"version-history":[{"count":13,"href":"https:\/\/digibasics.ch\/italiano\/wp-json\/wp\/v2\/pages\/594\/revisions"}],"predecessor-version":[{"id":5062,"href":"https:\/\/digibasics.ch\/italiano\/wp-json\/wp\/v2\/pages\/594\/revisions\/5062"}],"wp:attachment":[{"href":"https:\/\/digibasics.ch\/italiano\/wp-json\/wp\/v2\/media?parent=594"}],"curies":[{"name":"wp","href":"https:\/\/api.w.org\/{rel}","templated":true}]}}